hat are the prime factors of 23405089?
157, 149077
What are the prime factors of 45964861?
149, 308489
What are the prime factors of 1261168936?
2, 17, 23, 29, 13903
What are the prime factors of 216760494?
2, 3, 31, 1165379
What are the prime factors of 4521146722?
2, 7229, 312709
What are the prime factors of 189639380?
2, 5, 7, 19, 71293
List the prime factors of 303754153.
853, 356101
What are the prime factors of 2361584420?
2, 5, 13, 41, 221537
What are the prime factors of 250211936?
2, 13, 3559
What are the prime factors of 396493577?
19, 229, 91127
List the prime factors of 25260979.
25260979
List the prime factors of 2043306029.
2043306029
What are the prime factors of 3456179800?
2, 5, 19, 909521
What are the prime factors of 14414910?
2, 3, 5, 61, 7877
List the prime factors of 1900716824.
2, 17, 13975859
List the prime factors of 666777991.
11, 60616181
What are the prime factors of 30616014?
2, 3, 11, 13, 17, 2099
What are the prime factors of 15959679?
3, 5319893
List the prime factors of 628037847.
3, 23260661
List the prime factors of 330808981.
19, 17410999
What are the prime factors of 3806542?
2, 1903271
List the prime factors of 75086441.
75086441
What are the prime factors of 195314699?
19, 53, 193957
What are the prime factors of 124399066?
2, 11, 5654503
List the prime factors of 689340999.
3, 157, 1463569
List the prime factors of 4226223717.
3, 20611, 22783
What are the prime factors of 4510847?
11, 19, 113, 191
List the prime factors of 640444682.
2, 41, 7810301
List the prime factors of 112257122.
2, 163, 344347
List the prime factors of 65758824.
2, 3, 304439
What are the prime factors of 9483786?
2, 3, 13, 40529
What are the prime factors of 1303610864?
2, 17, 569, 8423
What are the prime factors of 1401018293?
61, 22967513
What are the prime factors of 45745403?
11, 4158673
What are the prime factors of 73898635?
5, 83, 178069
What are the prime factors of 5859154881?
3, 651017209
What are the prime factors of 47103912?
2, 3, 654221
What are the prime factors of 7009482?
2, 3, 1168247
List the prime factors of 1034581388.
2, 19, 83, 164011
List the prime factors of 754140132.
2, 3, 71, 32783
What are the prime factors of 2845050327?
3, 7, 31, 1456759
List the prime factors of 700346900.
2, 5, 11, 631, 1009
List the prime factors of 302502647.
23, 13152289
List the prime factors of 2432728200.
2, 3, 5, 7, 389, 1489
List the prime factors of 5233194970.
2, 5, 523319497
What are the prime factors of 70537624?
2, 17, 97, 5347
What are the prime factors of 15106104?
2, 3, 13, 16139
List the prime factors of 1482647487.
3, 17333, 28513
List the prime factors of 24493122.
2, 3, 1360729
What are the prime factors of 3257395358?
2, 7, 232671097
What are the prime factors of 256188423?
3, 85396141
List the prime factors of 6148806046.
2, 19813, 155171
List the prime factors of 93954682.
2, 17, 2763373
List the prime factors of 6713687.
37, 421, 431
List the prime factors of 87703585.
5, 17540717
List the prime factors of 72017949.
3, 101, 237683
List the prime factors of 5773349076.
2, 3, 11, 43, 701, 1451
What are the prime factors of 727553540?
2, 5, 7, 269, 19319
What are the prime factors of 718192058?
2, 19, 18899791
List the prime factors of 45185908.
2, 11296477
List the prime factors of 78106691.
13, 6008207
List the prime factors of 440177862.
2, 3, 6151, 11927
What are the prime factors of 3113357158?
2, 22637, 68767
List the prime factors of 3682551821.
13, 401, 706417
List the prime factors of 25400503.
59, 430517
What are the prime factors of 1389613254?
2, 3, 31, 53, 73, 1931
List the prime factors of 17479234.
2, 8739617
List the prime factors of 38482281.
3, 4275809
List the prime factors of 27673679.
11, 397, 6337
List the prime factors of 4519380827.
13, 17, 709, 28843
What are the prime factors of 1009343836?
2, 271, 931129
What are the prime factors of 257583277?
7, 36797611
What are the prime factors of 6663122292?
2, 3, 113, 503, 9769
List the prime factors of 148471243.
3659, 40577
What are the prime factors of 1910949322?
2, 26687, 35803
What are the prime factors of 4556378699?
44741, 101839
What are the prime factors of 2514149327?
43, 163, 358703
What are the prime factors of 480578255?
5, 97, 229, 4327
List the prime factors of 201602568.
2, 3, 541, 15527
What are the prime factors of 906422309?
13, 109, 639677
What are the prime factors of 49801165?
5, 9960233
List the prime factors of 600142413.
3, 13, 439, 35053
What are the prime factors of 176956211?
71, 1549, 1609
List the prime factors of 1408219281.
3, 7, 3193241
What are the prime factors of 890874021?
3, 12149, 24443
What are the prime factors of 23644209?
3, 1439, 5477
What are the prime factors of 145067791?
11, 13187981
What are the prime factors of 4156585705?
5, 3557, 233713
What are the prime factors of 33955686?
2, 3, 239, 877
List the prime factors of 687831389.
7, 98261627
List the prime factors of 1726771422.
2, 3, 373, 771569
What are the prime factors of 43233388?
2, 11, 982577
What are the prime factors of 1655232067?
43, 38493769
List the prime factors of 237551037.
3, 313, 252983
List the prime factors of 1522028553.
3, 507342851
What are the prime factors of 1522597783?
7, 109, 1995541
What are the prime factors of 998158773?
3, 151, 2203441
List the prime factors of 404881417.
37, 10942741
What are the prime factors of 3527175040?
2, 5, 31, 139, 1279
List the prime factors of 3048097659.
3, 27043, 37571
What are the prime factors of 389157719?
389157719
What are the prime factors of 495289728?
2, 3, 23, 31, 67
List the prime factors of 31689863.
31689863
List the prime factors of 49260373.
17, 53, 54673
List the prime factors of 3556515119.
103, 34529273
What are the prime factors of 180631359?
3, 149, 134699
List the prime factors of 430216480.
2, 5, 197, 13649
List the prime factors of 2143845630.
2, 3, 5, 882241
List the prime factors of 1556481800.
2, 5, 739, 10531
What are the prime factors of 696580181?
11, 523351
What are the prime factors of 144836847?
3, 16092983
What are the prime factors of 55821999?
3, 17, 1094549
What are the prime factors of 33813431?
59, 573109
List the prime factors of 7102273.
7102273
What are the prime factors of 207397386?
2, 3, 7, 29, 211, 269
What are the prime factors of 424655201?
137, 997, 3109
List the prime factors of 83462307.
3, 19, 1464251
What are the prime factors of 262215721?
397, 660493
What are the prime factors of 131253614?
2, 197, 333131
What are the prime factors of 200915946?
2, 3, 7, 11, 144961
List the prime factors of 3846999522.
2, 3, 641166587
What are the prime factors of 7150433086?
2, 3575216543
List the prime factors of 3046005158.
2, 7, 17, 12798341
List the prime factors of 70667315.
5, 271, 52153
List the prime factors of 283080163.
107, 587, 4507
What are the prime factors of 17595578?
2, 7, 11, 13, 17, 47
List the prime factors of 1119112226.
2, 1549, 361237
What are the prime factors of 58313300?
2, 5, 257, 2269
What are the prime factors of 79760526?
2, 3, 13293421
List the prime factors of 328268449.
9721, 33769
What are the prime factors of 572228480?
2, 5, 199, 4493
What are the prime factors of 227172782?
2, 113586391
List the prime factors of 265942135.
5, 17, 184043
What are the prime factors of 157870850?
2, 5, 23, 137279
What are the prime factors of 34737593?
11, 43, 271
List the prime factors of 105866489.
1249, 84761
List the prime factors of 20527978.
2, 1187, 8647
What are the prime factors of 49038673?
49038673
What are the prime factors of 31419843?
3, 7, 13, 71, 1621
List the prime factors of 567036.
2, 3, 19, 829
What are the prime factors of 114199189?
13, 8784553
List the prime factors of 52106536.
2, 31, 163, 1289
What are the prime factors of 5350729329?
3, 11, 79, 127, 5387
List the prime factors of 1111869757.
67, 139, 119389
List the prime factors of 7015342011.
3, 2338447337
What are the prime factors of 1188869150?
2, 5, 7, 257, 13217
List the prime factors of 72217656.
2, 3, 7, 29, 61
What are the prime factors of 696835174?
2, 7, 31, 229373
What are the prime factors of 1950634995?
3, 5, 17, 2549, 3001
What are the prime factors of 1024911772?
2, 3719, 68897
What are the prime factors of 86955886?
2, 43477943
List 